Is 9950021 a composite number?
False
Is 92969269 prime?
True
Is 57553681 a prime number?
True
Is 192413758 prime?
False
Is 164540801 a prime number?
True
Is 10076735 a composite number?
True
Is 17279101 prime?
False
Is 5366483 composite?
True
Is 158408779 a prime number?
False
Is 2025241 composite?
False
Is 76875023 prime?
True
Is 9622777 prime?
False
Is 17250581 a prime number?
True
Is 2338043 a composite number?
False
Is 41498943 a composite number?
True
Is 2414726 a prime number?
False
Is 23824703 composite?
True
Is 130107157 prime?
True
Is 23164847 a composite number?
False
Is 51442991 prime?
True
Is 56288369 a prime number?
False
Is 11434733 composite?
True
Is 603895129 a composite number?
True
Is 24807443 prime?
True
Is 8010131 a prime number?
True
Is 301303 composite?
False
Is 15657981 a prime number?
False
Is 93027581 a composite number?
False
Is 605723 a prime number?
False
Is 24623203 a prime number?
False
Is 28671217 composite?
False
Is 461561 prime?
True
Is 493211819 a composite number?
False
Is 190147 a composite number?
False
Is 4800733 a composite number?
True
Is 878737 a composite number?
False
Is 305568293 prime?
True
Is 1312421 a prime number?
False
Is 238889267 a prime number?
True
Is 1297841 composite?
False
Is 31747589 prime?
False
Is 174757157 prime?
True
Is 2288987 a composite number?
True
Is 43273039 composite?
False
Is 45703901 composite?
True
Is 24982579 a composite number?
False
Is 645202849 prime?
True
Is 2873779 prime?
False
Is 2665177 a prime number?
True
Is 20696069 composite?
False
Is 3188609 prime?
True
Is 6779 composite?
False
Is 64004617 a prime number?
False
Is 194007413 composite?
False
Is 75881849 a composite number?
True
Is 1827383 a prime number?
False
Is 40320667 prime?
False
Is 209861819 a composite number?
False
Is 71996289 a composite number?
True
Is 163671941 a prime number?
False
Is 14256169 prime?
True
Is 18042463 prime?
True
Is 13685159 a composite number?
False
Is 91812107 a composite number?
False
Is 3082873 composite?
False
Is 4422527 composite?
False
Is 2776217 composite?
False
Is 4054283 composite?
False
Is 10457107 composite?
True
Is 223810361 a composite number?
True
Is 5024141 a prime number?
True
Is 522143 composite?
True
Is 1122781 a composite number?
True
Is 2994497 a composite number?
True
Is 1236518853 composite?
True
Is 1027931 composite?
False
Is 6411953 a composite number?
False
Is 15025631 a composite number?
False
Is 1769017 prime?
True
Is 24124981 composite?
True
Is 25438531 prime?
True
Is 10847561 composite?
False
Is 22463789 a composite number?
False
Is 9876833 a composite number?
False
Is 25525127 a composite number?
False
Is 971637 prime?
False
Is 1657987 a composite number?
False
Is 7973413 a prime number?
False
Is 4813229 a prime number?
True
Is 34447489 composite?
False
Is 59199689 a prime number?
True
Is 8814353 a composite number?
True
Is 1984807 a prime number?
False
Is 2936029 prime?
False
Is 58872651 a prime number?
False
Is 10287503 composite?
True
Is 14497715 a composite number?
True
Is 5963257 a prime number?
True
Is 53714647 prime?
False
Is 122593021 composite?
True
Is 68913319 a prime number?
False
Is 39311053 a composite number?
False
Is 64086857 a prime number?
True
Is 153013967 composite?
False
Is 957031 a composite number?
False
Is 135912953 a composite number?
True
Is 120539 prime?
True
Is 15618709 a prime number?
True
Is 2139979 a composite number?
False
Is 11982551 composite?
True
Is 11397887 a prime number?
False
Is 7123279 a composite number?
False
Is 282912053 a composite number?
False
Is 6846923 composite?
False
Is 16223273 composite?
True
Is 25875697 a composite number?
False
Is 17740397 composite?
False
Is 2697971 a prime number?
True
Is 6837331 a composite number?
True
Is 12425579 prime?
False
Is 94893713 prime?
False
Is 2299723 composite?
True
Is 3198241 a prime number?
False
Is 46747 a prime number?
True
Is 2218389 composite?
True
Is 365198959 a composite number?
False
Is 9374273 a composite number?
False
Is 1356059 a composite number?
False
Is 4103597 a prime number?
True
Is 10579691 a composite number?
True
Is 3563011 a prime number?
False
Is 16207 prime?
False
Is 3073787 a prime number?
False
Is 186652597 composite?
False
Is 103066349 prime?
False
Is 366599613 a composite number?
True
Is 7240403 a prime number?
True
Is 572023 prime?
True
Is 7708109 composite?
True
Is 4499255 a composite number?
True
Is 2999167 composite?
False
Is 2318813 composite?
True
Is 70348243 composite?
True
Is 28696621 composite?
False
Is 165002017 composite?
True
Is 734063 prime?
False
Is 5499913 prime?
True
Is 5123077 prime?
True
Is 138303703 a composite number?
False
Is 904129 prime?
False
Is 34621013 a prime number?
False
Is 45487033 a prime number?
True
Is 10567919 a composite number?
True
Is 22458417 composite?
True
Is 70751593 a composite number?
True
Is 37065997 a prime number?
False
Is 44582023 prime?
True
Is 36101 a composite number?
True
Is 38477279 a prime number?
True
Is 75284873 composite?
True
Is 50105053 a prime number?
True
Is 2912431 a prime number?
True
Is 7487723 a composite number?
False
Is 1586567 prime?
True
Is 2773843 a prime number?
True
Is 9050287 composite?
False
Is 14807263 prime?
False
Is 165835601 composite?
True
Is 11472523 composite?
True
Is 178402841 a composite number?
True
Is 101389427 a composite number?
True
Is 338788771 prime?
True
Is 1767982 composite?
True
Is 28813745 a composite number?
True
Is 933498107 composite?
False
Is 5495419 prime?
True
Is 4090687 a prime number?
False
Is 32076383 prime?
True
Is 73832741 a prime number?
True
Is 1990739 a composite number?
True
Is 2696641 composite?
False
Is 2032547 a prime number?
False
Is 65925211 a composite number?
True
Is 2996927 a composite number?
True
Is 5165387 composite?
False
Is 27335513 a composite number?
False
Is 3790013 a prime number?
False
Is 1488607 a composite number?
False
Is 1109554739 prime?
True
Is 26775187 composite?
True
Is 91550177 prime?
False
Is 29351791 composite?
True
Is 39837983 a composite number?
True
Is 5777759 composite?
True
Is 98553707 composite?
True
Is 736517047 a prime number?
False
Is 20474273 composite?
True
Is 15756407 prime?
False
Is 3000919 a composite number?
False
Is 3190906 a prime number?
False
Is 29737181 prime?
True
Is 30532063 composite?
True
Is 20643509 a prime number?
True
Is 13639513 prime?
True
Is 41987249 a prime number?
False
Is 6545111 composite?
False
Is 504718181 prime?
False
Is 3112091 a composite number?
False
Is 504021751 composite?
False
Is 9129683 a composite number?
False
Is 422339 prime?
True
Is 5630191 composite?
True
Is 416447 a composite number?
True
Is 2203511 prime?
False
Is 11089183 prime?
False
Is 7348093 composite?
True
Is 15162923 composite?
False
Is 1342109 a composite number?
False
Is 26965061 prime?
True
Is 169400353 composite?
False
Is 514302757 composite?
False
Is 244118971 a prime number?
True
Is 131155009 prime?
True
Is 192749531 composite?
True
Is 21863627 a composite number?
True
Is 1357634173 a prime number?
False
Is 8969393 prime?
True
Is 950473 composite?
False
Is 1227379 composite?
False
Is 5497277 a composite number?
False
Is 10837303 prime?
True
Is 78487018 a composite number?
True
Is 609859 composite?
False
Is 56741693 a composite number?
True
Is 1488931 prime?
True
Is 50274407 a prime number?
True
Is 853487 a prime number?
False
Is 12404369 a composite number?
False
Is 25877977 a prime number?
True
Is 22041211 composite?
False
Is 6196331 a prime number?
False
Is 5261 prime?
True
Is 6662739 prime?
False
Is 5511581 a composite number?
False
Is 1143623027 composite?
False
Is 1168711 composite?
False
Is 826691 composite?
True
Is 1372829 a composite number?
False
Is 10567783 a prime number?
True
Is 2094473 a prime number?
True
Is 702983 a composite number?
False
Is 18808421 a composite number?
False
Is 22273747 a composite number?
True
Is 1741241 a composite number?
False
Is 3277691 composite?
False
Is 1418345 a prime number?
False
Is 40747517 prime?
True
Is 19585889 a composite number?
True
Is 2030521 a prime number?
False
Is 30179789 composite?
False
Is 56301397 prime?
True
Is 46157299 composite?
True
Is 2878637 a composite number?
True
Is 619529 composite?
True
Is 33511661 a composite number?
F